ivided by 54.
34
Calculate the remainder when 10816 is divided by 5377.
62
Calculate the remainder when 1960 is divided by 184.
120
Calculate the remainder when 30769 is divided by 15369.
31
What is the remainder when 163748 is divided by 79?
60
What is the remainder when 53879 is divided by 1304?
415
Calculate the remainder when 10346 is divided by 46.
42
What is the remainder when 60648 is divided by 20211?
15
What is the remainder when 6763 is divided by 1127?
1
What is the remainder when 5856 is divided by 650?
6
Calculate the remainder when 2358 is divided by 1196.
1162
What is the remainder when 14096 is divided by 284?
180
Calculate the remainder when 820283 is divided by 19.
15
Calculate the remainder when 34155 is divided by 112.
107
What is the remainder when 1036593 is divided by 813?
18
Calculate the remainder when 106779 is divided by 106778.
1
Calculate the remainder when 43727 is divided by 88.
79
Calculate the remainder when 4604 is divided by 746.
128
Calculate the remainder when 1730 is divided by 45.
20
Calculate the remainder when 6981 is divided by 34.
11
Calculate the remainder when 51391 is divided by 51386.
5
Calculate the remainder when 20311 is divided by 14.
11
What is the remainder when 51463 is divided by 69?
58
Calculate the remainder when 163462 is divided by 1969.
35
Calculate the remainder when 5579 is divided by 127.
118
What is the remainder when 174635 is divided by 1180?
1175
Calculate the remainder when 6732 is divided by 481.
479
What is the remainder when 1923 is divided by 55?
53
What is the remainder when 1589 is divided by 531?
527
What is the remainder when 130786 is divided by 213?
4
What is the remainder when 20224 is divided by 595?
589
Calculate the remainder when 1820 is divided by 153.
137
Calculate the remainder when 3067 is divided by 507.
25
What is the remainder when 632 is divided by 43?
30
Calculate the remainder when 959737 is divided by 41.
9
Calculate the remainder when 3067 is divided by 126.
43
Calculate the remainder when 656 is divided by 23.
12
What is the remainder when 9538 is divided by 324?
142
Calculate the remainder when 12014 is divided by 934.
806
What is the remainder when 36637 is divided by 1465?
12
What is the remainder when 7471 is divided by 751?
712
Calculate the remainder when 3584 is divided by 3570.
14
Calculate the remainder when 3880 is divided by 949.
84
What is the remainder when 2904 is divided by 965?
9
What is the remainder when 16820 is divided by 2075?
220
What is the remainder when 3955 is divided by 172?
171
Calculate the remainder when 26311 is divided by 299.
298
Calculate the remainder when 9314 is divided by 263.
109
Calculate the remainder when 2058 is divided by 29.
28
What is the remainder when 625984 is divided by 138?
16
What is the remainder when 1220 is divided by 118?
40
Calculate the remainder when 6839 is divided by 219.
50
Calculate the remainder when 11847 is divided by 64.
7
What is the remainder when 1121 is divided by 295?
236
What is the remainder when 466600 is divided by 145?
135
What is the remainder when 62000 is divided by 249?
248
Calculate the remainder when 1603 is divided by 205.
168
Calculate the remainder when 32883 is divided by 102.
39
Calculate the remainder when 31873 is divided by 879.
229
Calculate the remainder when 6079 is divided by 333.
85
Calculate the remainder when 6774 is divided by 521.
1
Calculate the remainder when 93014 is divided by 1409.
20
Calculate the remainder when 46695 is divided by 15561.
12
What is the remainder when 26867 is divided by 866?
21
Calculate the remainder when 59615 is divided by 24.
23
What is the remainder when 23090 is divided by 44?
34
What is the remainder when 2249 is divided by 23?
18
Calculate the remainder when 4457 is divided by 2175.
107
What is the remainder when 1913084 is divided by 383?
382
Calculate the remainder when 34157 is divided by 5684.
53
What is the remainder when 4918 is divided by 244?
38
What is the remainder when 3315 is divided by 924?
543
What is the remainder when 1175 is divided by 170?
155
What is the remainder when 538961 is divided by 31?
26
Calculate the remainder when 45693 is divided by 182.
11
Calculate the remainder when 20543 is divided by 20505.
38
Calculate the remainder when 235821 is divided by 4137.
12
What is the remainder when 5285 is divided by 1755?
20
Calculate the remainder when 231547 is divided by 344.
35
Calculate the remainder when 3530 is divided by 988.
566
What is the remainder when 4301874 is divided by 681?
678
What is the remainder when 2097 is divided by 316?
201
What is the remainder when 33961 is divided by 138?
13
What is the remainder when 1061130 is divided by 265279?
14
Calculate the remainder when 80075 is divided by 26687.
14
Calculate the remainder when 8528 is divided by 355.
8
What is the remainder when 5759049 is divided by 26?
23
What is the remainder when 25578 is divided by 25565?
13
Calculate the remainder when 2567 is divided by 2142.
425
Calculate the remainder when 656254 is divided by 32.
30
Calculate the remainder when 133599 is divided by 3513.
105
What is the remainder when 3590 is divided by 710?
40
What is the remainder when 41565 is divided by 569?
28
What is the remainder when 23453 is divided by 671?
639
Calculate the remainder when 1258 is divided by 311.
14
What is the remainder when 1172 is divided by 59?
51
Calculate the remainder when 9562 is divided by 38.
24
Calculate the remainder when 3657 is divided by 404.
21
What is the remainder when 1617 is divided by 1437?
180
Calculate the remainder when 1336 is divided by 184.
48
Calculate the remainder when 9168 is divided by 126.
96
Calculate the remainder when 280209 is divided by 63.
48
What is the remainder when 195973 is divided by 88?
85
Calculate the remainder when 54689 is divided by 5467.
19
What is the remainder when 410075 is divided by 15?
5
Calculate the remainder when 36267 is divided by 445.
222
Calculate the remainder when 33382 is divided by 107.
105
What is the remainder when 3360895 is divided by 510?
505
What is the remainder when 635529 is divided by 844?
841
Calculate the remainder when 728965 is divided by 7.
6
Calculate the remainder when 691459 is divided by 11.
10
What is the remainder when 56229 is divided by 56162?
67
Calculate the remainder when 8665 is divided by 17.
12
What is the remainder when 66463 is divided by 16548?
271
Calculate the remainder when 16681 is divided by 404.
117
What is the remainder when 266483 is divided by 7202?
9
Calculate the remainder when 155 is divided by 5.
0
Calculate the remainder when 1721 is divided by 838.
45
Calculate the remainder when 218035 is divided by 3027.
91
Calculate the remainder when 9694 is divided by 50.
44
What is the remainder when 69624 is divided by 548?
28
What is the remainder when 275777 is divided by 3?
2
What is the remainder when 1624354 is divided by 406085?
14
What is the remainder when 8329 is divided by 179?
95
What is the remainder when 766239 is divided by 329?
327
Calculate the remainder when 92728 is divided by 20.
8
What is the remainder when 2562 is divided by 751?
309
What is the remainder when 53450 is divided by 1?
0
What is the remainder when 2588 is divided by 51?
38
Calculate the remainder when 2581 is divided by 217.
194
Calculate the remainder when 71614 is divided by 13.
10
What is the remainder when 2095 is divided by 67?
18
Calculate the remainder when 265517 is divided by 436.
429
What is the remainder when 467098 is divided by 27?
25
Calculate the remainder when 10996 is divided by 5481.
34
What is the remainder when 2567 is divided by 659?
590
What is the remainder when 122086 is divided by 5?
1
Calculate the remainder when 1443 is divided by 217.
141
What is the remainder when 161472 is divided by 80713?
46
Calculate the remainder when 841 is divided by 106.
99
What is the remainder when 1140 is divided by 1123?
17
What is the remainder when 10283 is divided by 1713?
5
Calculate the remainder when 53346 is divided by 149.
4
Calculate the remainder when 393558 is divided by 10.
8
What is the remainder when 336002 is divided by 67?
64
What is the remainder when 689 is divided by 77?
73
Calculate the remainder when 2816 is di